it of 1359?
3
What is the hundreds digit of 635?
6
What is the tens digit of 11589?
8
What is the units digit of 13915?
5
What is the thousands digit of 5056?
5
What is the hundreds digit of 87855?
8
What is the thousands digit of 127698?
7
What is the tens digit of 693?
9
What is the units digit of 5060?
0
What is the units digit of 10806?
6
What is the tens digit of 116223?
2
What is the ten thousands digit of 17562?
1
What is the tens digit of 514?
1
What is the units digit of 124187?
7
What is the thousands digit of 1713?
1
What is the units digit of 334?
4
What is the units digit of 30892?
2
What is the thousands digit of 45695?
5
What is the ten thousands digit of 12532?
1
What is the hundreds digit of 573?
5
What is the thousands digit of 4569?
4
What is the tens digit of 919?
1
What is the tens digit of 13723?
2
What is the units digit of 135?
5
What is the hundreds digit of 236?
2
What is the thousands digit of 2420?
2
What is the tens digit of 655?
5
What is the thousands digit of 112415?
2
What is the ten thousands digit of 157378?
5
What is the hundreds digit of 68558?
5
What is the hundreds digit of 3518?
5
What is the hundreds digit of 230?
2
What is the tens digit of 21690?
9
What is the tens digit of 1630?
3
What is the ten thousands digit of 36670?
3
What is the hundreds digit of 3563?
5
What is the thousands digit of 13026?
3
What is the units digit of 69?
9
What is the tens digit of 18700?
0
What is the hundreds digit of 42935?
9
What is the hundreds digit of 14726?
7
What is the tens digit of 44373?
7
What is the tens digit of 2396?
9
What is the thousands digit of 2300?
2
What is the ten thousands digit of 95113?
9
What is the hundreds digit of 769?
7
What is the thousands digit of 11730?
1
What is the hundreds digit of 916?
9
What is the tens digit of 2983?
8
What is the thousands digit of 1405?
1
What is the units digit of 71927?
7
What is the thousands digit of 25075?
5
What is the tens digit of 1882?
8
What is the thousands digit of 24813?
4
What is the tens digit of 18642?
4
What is the hundreds digit of 553?
5
What is the thousands digit of 1976?
1
What is the hundreds digit of 73200?
2
What is the ten thousands digit of 193236?
9
What is the hundreds digit of 6648?
6
What is the thousands digit of 5157?
5
What is the tens digit of 474?
7
What is the tens digit of 132?
3
What is the tens digit of 2729?
2
What is the thousands digit of 2370?
2
What is the ten thousands digit of 16749?
1
What is the hundreds digit of 581?
5
What is the units digit of 533?
3
What is the tens digit of 1176?
7
What is the hundreds digit of 3860?
8
What is the ten thousands digit of 20598?
2
What is the tens digit of 53429?
2
What is the tens digit of 671?
7
What is the units digit of 20811?
1
What is the units digit of 255?
5
What is the units digit of 9199?
9
What is the hundreds digit of 102285?
2
What is the units digit of 141?
1
What is the hundreds digit of 641?
6
What is the hundreds digit of 30070?
0
What is the thousands digit of 75120?
5
What is the hundreds digit of 405?
4
What is the units digit of 19687?
7
What is the ten thousands digit of 197076?
9
What is the thousands digit of 9226?
9
What is the tens digit of 213357?
5
What is the tens digit of 27430?
3
What is the units digit of 2306?
6
What is the units digit of 1590?
0
What is the units digit of 35595?
5
What is the hundreds digit of 1026?
0
What is the thousands digit of 138759?
8
What is the ten thousands digit of 14111?
1
What is the hundreds digit of 3090?
0
What is the tens digit of 427?
2
What is the units digit of 53682?
2
What is the hundreds digit of 3605?
6
What is the units digit of 44032?
2
What is the hundreds digit of 26933?
9
What is the ten thousands digit of 57287?
5
What is the hundreds digit of 883?
8
What is the thousands digit of 15700?
5
What is the units digit of 1525?
5
What is the hundred thousands digit of 156274?
1
What is the units digit of 2717?
7
What is the hundreds digit of 2255?
2
What is the thousands digit of 37091?
7
What is the tens digit of 2096?
9
What is the thousands digit of 15122?
5
What is the units digit of 3154?
4
What is the tens digit of 2734?
3
What is the units digit of 22642?
2
What is the ten thousands digit of 55687?
5
What is the units digit of 10611?
1
What is the tens digit of 705?
0
What is the tens digit of 3650?
5
What is the units digit of 10655?
5
What is the hundreds digit of 23700?
7
What is the thousands digit of 84882?
4
What is the thousands digit of 2093?
2
What is the units digit of 1889?
9
What is the units digit of 864?
4
What is the thousands digit of 3324?
3
What is the hundreds digit of 524?
5
What is the tens digit of 1874?
7
What is the hundreds digit of 1728?
7
What is the ten thousands digit of 47099?
4
What is the units digit of 2174?
4
What is the thousands digit of 17786?
7
What is the thousands digit of 11538?
1
What is the units digit of 803?
3
What is the units digit of 1612?
2
What is the hundreds digit of 23546?
5
What is the tens digit of 1982?
8
What is the units digit of 40929?
9
What is the units digit of 2852?
2
What is the ten thousands digit of 41865?
4
What is the units digit of 1015?
5
What is the units digit of 13285?
5
What is the tens digit of 2462?
6
What is the ten thousands digit of 121590?
2
What is the ten thousands digit of 11724?
1
What is the tens digit of 1054?
5
What is the thousands digit of 27401?
7
What is the tens digit of 30821?
2
What is the ten thousands digit of 11525?
1
What is the hundreds digit of 221?
2
What is the thousands digit of 1246?
1
What is the tens digit of 1470?
7
What is the hundreds digit of 554?
5
What is the thousands digit of 7901?
7
What is the thousands digit of 16921?
6
What is the tens digit of 1334?
3
What is the hundreds digit of 647?
6
What is the tens digit of 6172?
7
What is the units digit of 21262?
2
What is the tens digit of 3704?
0
What is the tens digit of 2471?
7
What is the units digit of 1643?
3
What is the tens digit of 64?
6
What is the tens digit of 11532?
3
What is the thousands digit of 159859?
9
What is the tens digit of 4502?
0
What is the thousands digit of 4998?
4
What is the tens digit of 19?
1
What is the tens digit of 121892?
9
What is the tens digit of 1651?
5
What is the tens digit of 72?
7
What is the units digit of 657?
7
What is the tens digit of 578?
7
What is the hundreds digit of 6352?
3
What is the ten thousands digit of 194529?
9
What is the hundreds digit of 1471?
4
What is the hundreds digit of 4125?
1
What is the hundreds digit of 30746?
7
What is the thousands digit of 14877?
4
What is the hundreds digit of 3911?
9
What is the hundreds digit of 7063?
0
What is the hundreds digit of 10120?
1
What is the units digit of 244?
4
What is the hundreds digit of 22052?
0
What is the thousands digit of 59289?
9
What is the thousands digit of 3735?
3
What is the tens digit of 14152?
5
What is the tens digit of 724?
2
What is the hundreds digit of 16079?
0
What is the hundreds digit of 475?
4
What is the thousands digit of 4320?
4
What is the units digit of 119?
9
What is the tens digit of 921?
2
What is the thousands digit of 5921?
5
What is the hundreds digit of 1714?
7
What is the hundreds digit of 10436?
4
What is the thousands digit of 2204?
2
What is the ten thousands digit of 39482?
3
What is the units digit of 65911?
1
What is the hundreds digit of 18040?
0
What is the thousands digit of 2551?
2
What is the units digit of 75049?
9
What is the thousands digit of 1821?
1
What is the tens digit of 21433?
3
What is the hundreds digit of 1599?
5
What is the hundreds digit of 1274?
2
What is the tens digit of 1156?
5
What is the hundreds digit of 1341?
3
What is the tens digit of 24770?
7
What is the thousands digit of 4281?
4
What is the units digit of 131474?
4
What is the tens digit of 14018?
1
What is the hundreds digit of 1242?
2
What is the units digit of 11866?
6
What is the tens digit of 3729?
2
What is the tens digit of 4066?
6
What is the hundreds digit of 4820?
8
What is the tens digit of 1265?
6
What is the tens digit of 9453?
5
What is the thousands digit of 1173?
1
What is the units digit of 4359?
9
What is the thousands digit of 1939?
1
What is the hundred thousands digit of 108846?
1